*2 + 49*h - 3531. What is x(-35)?
879
Let s(i) = -192*i**3 + 171*i**2 + 168*i - 2. Determine s(-1).
193
Let b(l) = 7146*l + 85496. Give b(-12).
-256
Let p(b) = 3219*b + 78088. Give p(-24).
832
Let t(f) = -6*f + 194. Determine t(17).
92
Let k(a) = -10*a**3 - 18*a**2 + 44746*a + 39. Give k(66).
-93
Let b(x) = 6*x**2 + 119013*x + 119014. Calculate b(-1).
7
Let d(u) = 27*u**3 + 218*u**2 + 24*u + 23. Determine d(-8).
-41
Let k(g) = g**2 - 60*g + 9. Give k(37).
-842
Let f(h) = -6*h**2 + 121*h - 811. Calculate f(8).
-227
Let u(s) = -6*s**2 - 1245*s + 10863. What is u(-216)?
-153
Let g(y) = y**3 - 7*y**2 + 182*y - 1941. Give g(12).
963
Let x(b) = -43*b**2 + 1125*b - 6276. Determine x(18).
42
Let p(a) = -a**2 + a + 2836. Give p(-53).
-26
Let p(i) = 12*i**3 + 257*i**2 - 144*i + 127. Give p(-22).
-93
Let q(s) = 375*s - 1763. Give q(8).
1237
Let b(q) = 1894*q + 94058. Give b(-51).
-2536
Let i(b) = -4983*b + 64781. Determine i(13).
2
Let x(k) = -47*k**2 - 10855*k + 331. What is x(-231)?
-131
Let x(p) = -9422*p + 509958. Determine x(54).
1170
Let n(y) = 17999*y - 341985. Determine n(19).
-4
Let o(r) = -6*r + 167. Determine o(-11).
233
Let d(o) = 414*o**2 + 455*o + 1362. Calculate d(-3).
3723
Let j(i) = i**3 + 99*i**2 + 1526*i + 416. Give j(-80).
-64
Let w(h) = h**2 + 536*h + 57737. Determine w(-149).
74
Let s(t) = -t**3 - 8*t**2 - 183*t + 1050. Calculate s(0).
1050
Let d(r) = -r**3 - 145*r**2 - 1510*r - 2568. Determine d(-9).
6
Let x(w) = -w**2 - 39*w + 3098. Give x(-89).
-1352
Let a(c) = c**3 + 31*c**2 + 264*c + 367. Calculate a(-14).
3
Let n(c) = -c**3 - 33*c**2 + 34*c + 780. Calculate n(-31).
-2196
Let r(k) = -107*k + 3492. Give r(40).
-788
Let p(t) = t**3 - 37*t**2 + 101*t - 242. Determine p(36).
2098
Let k(x) = 3*x**2 - 222*x + 4889. What is k(28)?
1025
Let s(g) = -g**3 + 193*g**2 + 7724*g - 9. Give s(-34).
-213
Let n(v) = -3*v**3 - 241*v**2 + 99*v - 724. Determine n(-81).
4379
Let f(k) = -4*k**2 - 796*k + 2. Give f(-199).
2
Let q(r) = -6*r**3 + 941*r**2 + 979*r + 37. What is q(-1)?
5
Let k(h) = 7703*h**3 - 13*h**2 - 21*h - 5. Determine k(-1).
-7700
Let d(k) = k**2 + 336*k + 16564. Determine d(-60).
4
Let i(b) = -50034*b + 22. What is i(0)?
22
Let r(u) = -395*u**3 + 2*u**2 + 69*u + 66. Determine r(-1).
394
Let m(r) = -258*r**2 - 1798*r + 57. Determine m(-7).
1
Let v(u) = 389*u - 163868. Calculate v(421).
-99
Let y(n) = 3*n**3 + 12*n**2 + 10*n + 85. What is y(-7)?
-426
Let h(u) = 31*u**3 + 15*u**2 + 5*u - 11. Calculate h(2).
307
Let r(l) = 2652*l + 15938. What is r(-6)?
26
Let o(l) = 13251*l - 13272. Determine o(1).
-21
Let w(b) = -30*b**3 + 2219*b**2 + 70*b + 311. What is w(74)?
15
Let i(n) = 28*n**3 - 389*n**2 - 46*n + 46. Calculate i(14).
-10
Let v(i) = -852*i + 751464. Calculate v(882).
0
Let z(x) = x**2 + 15*x - 3593. Calculate z(-65).
-343
Let v(p) = -2216*p + 394238. Determine v(178).
-210
Let m(w) = w**2 + 266*w - 4426. Give m(15).
-211
Let n(q) = q**2 + 1165*q + 9251. Give n(-1157).
-5
Let k(z) = -6*z**2 + 2619*z - 9068. Determine k(433).
25
Let x(l) = 98*l**2 + 230*l - 888. Give x(4).
1600
Let w(f) = f**3 + 2156*f**2 - 8647*f + 37. Calculate w(4).
9
Let q(f) = -f**2 + 15*f - 769. What is q(25)?
-1019
Let f(x) = -x**3 + 3*x**2 + 260*x + 929. Calculate f(-4).
1
Let o(a) = -2*a**3 - 3*a**2 + 21*a + 209. Give o(-6).
407
Let v(m) = -3*m**2 + 1357365*m - 8144083. Calculate v(6).
-1
Let i(b) = -b**2 - 339*b - 20212. Determine i(-77).
-38
Let q(a) = -23046*a - 276643. Give q(-12).
-91
Let v(l) = 60*l**2 + 1804*l + 1753. What is v(-1)?
9
Let s(b) = 608*b - 92387. Give s(152).
29
Let q(v) = v**2 - 125*v - 43846. Determine q(-156).
-10
Let i(f) = -3*f**3 + 105*f**2 - 610*f - 372. What is i(27)?
654
Let l(t) = -13*t**2 - 6096*t + 12674. Give l(-471).
-43
Let p(d) = -2495*d + 217052. What is p(87)?
-13
Let u(m) = 3*m**3 + 14*m**2 + 1278*m + 6372. Determine u(-5).
-43
Let o(z) = -z**3 - 12*z**2 - 60*z - 545. What is o(-12)?
175
Let t(l) = -17119*l + 120091. Calculate t(7).
258
Let t(b) = 3*b**3 - 30*b**2 + 626*b - 3896. Calculate t(7).
45
Let h(f) = -135999*f - 3535978. What is h(-26)?
-4
Let k(z) = -371785*z + 2974267. Give k(8).
-13
Let m(u) = -3*u**2 + 806*u - 29470. What is m(225)?
5
Let x(j) = 2434*j**2 + 24352*j + 23. Calculate x(-10).
-97
Let t(r) = 2*r**3 + 25*r**2 - 6*r. Calculate t(-13).
-91
Let k(r) = -r**2 - 646*r - 25195. Calculate k(-43).
734
Let f(s) = 27063*s + 351823. Determine f(-13).
4
Let w(p) = -1652*p + 391518. Determine w(237).
-6
Let t(c) = -64799*c + 194448. Calculate t(3).
51
Let o(k) = -3*k**2 - 52679*k - 368692. Give o(-7).
-86
Let z(l) = -l**2 + 108*l - 2888. What is z(52)?
24
Let o(z) = -z**2 - 70362*z + 1196438. What is o(17)?
-5
Let n(q) = -157*q - 3570. Give n(-17).
-901
Let d(j) = -296*j**2 + 737*j + 445. What is d(3)?
-8
Let m(w) = -4*w**3 + 5*w**2 + 913*w + 1787. Determine m(-2).
13
Let i(p) = -p**3 + 19*p**2 + 1071*p - 15913. What is i(14)?
61
Let u(v) = -v**3 - 220*v**2 + 4*v + 1330. What is u(0)?
1330
Let i(y) = 1279*y - 7219. Give i(6).
455
Let a(t) = -3*t**2 - 2881*t - 296007. Give a(-117).
3
Let x(o) = 20*o**2 - 60*o + 15. Give x(3).
15
Let y(w) = -3*w**2 + 164*w - 1555. Calculate y(46).
-359
Let u(b) = 3*b**3 - 132*b**2 + 12*b + 278. Give u(44).
806
Let v(t) = 647*t**2 - 5170*t - 6. Determine v(8).
42
Let b(n) = -n**2 - 372*n - 3293. Give b(-9).
-26
Let h(o) = -13*o**3 - 2*o**2 + 285*o - 794. Determine h(3).
-308
Let z(v) = -39*v**2 + 1219*v - 391. Determine z(31).
-81
Let k(l) = -6*l**2 + 124*l - 240. Give k(21).
-282
Let d(a) = 4*a**3 - 4*a**2 - 299*a - 298. Give d(-1).
-7
Let k(d) = 13*d**2 - 24311*d + 24310. What is k(1)?
12
Let v(z) = 2*z**3 - 4*z**2 - 255*z + 149. Give v(0).
149
Let c(g) = -69*g**2 + 566*g + 76. What is c(10)?
-1164
Let c(o) = -66*o**2 - 1051*o - 7298. Calculate c(-7).
-3175
Let j(z) = -23*z**2 + 504*z - 1926. Determine j(17).
-5
Let r(t) = 101801*t + 814413. Determine r(-8).
5
Let x(h) = -9*h**2 + 41*h + 499. Calculate x(-9).
-599
Let y(j) = 809*j - 100896. What is y(125)?
229
Let i(q) = -12579*q - 138341. Calculate i(-11).
28
Let w(q) = -2116*q + 59252. Calculate w(28).
4
Let l(m) = -m**3 + 704*m**2 - 2121*m + 503341. Give l(702).
7
Let n(i) = 490*i**2 + 6357*i - 158. Give n(-13).
11
Let y(d) = 3187*d + 433353. Determine y(-136).
-79
Let t(h) = h**3 - 55*h**2 + 449*h - 7590. Determine t(49).
5
Let g(p) = p**2 + 10819*p + 32457. What is g(-3)?
9
Let r(i) = -479*i**2 + 3438*i - 590. Give r(7).
5
Let p(l) = -l**3 + 59*l**2 - 111*l - 21305. Give p(47).
-14
Let n(d) = -629*d + 165531. Determine n(263).
104
Let m(j) = 5111*j - 5202998. What is m(1018)?
0
Let d(t) = 16*t**2 - 693*t - 2756. What is d(-4)?
272
Let p(n) = 117*n - 793. What is p(4)?
-325
Let y(j) = 30272*j - 363023. Calculate y(12).
241
Let f(s) = 12*s**3 - 41*s**2 + 63*s + 27. Determine f(2).
85
Let v(z) = 3*z**3 - 2459*z**2 - 27405*z + 86. Determine v(-11).
9
Let x(c) = -35572*c + 1565145. Determine x(44).
-23
Let l(m) = -2*m**3 - 78*m**2 + 319*m + 73. What is l(4)?
-27
Let h(n) = 1075*n**2 - 362133*n - 47849. Determine h(337).
5
Let l(x) = x**3 + 32*x**2 + 106*x - 12. Determine l(-5).
133
Let b(v) = 5793*v + 46338. Calculate b(-8).
-6
Let j(b) = -2355*b + 1010292. Calculate j(429).
-3
Let i(s) = -4276*s + 7252097. Determine i(1696).
1
Let x(t) = -112*t**2 - 8715*t - 46882. What is x(-72)?
-10
Let c(y) = -55975*y + 951626. What is c(17)?
51
Let f(b) = -24*b**2 - 489*b + 2734. Calculate f(-25).
-41
Let b(x) = 2848488*x - 22787907. What is b(8)?
-3
Let h(d) = -4*d**2 + 172*d - 3289. Give h(17).
-1521
Let t(u) = 1809*u + 29039. What is t(-16)?
95
Let z(h) = h**3 + 48*h**2 + 103*h + 2735. Calculate z(-48).
-2209
Let r(w) = 6*w**2 - 194*w - 10. Determine r(32).
-74
Let q(l) = -403*l - 110740. Determine q(-275).
85
Let m(u) = -33836*u + 541385. Calculate m(16).
9
Let c(r) = -326*r**2 - 1082*r - 861. Determine c(-2).
-1
Let m(c) = c**3 - 11*c**2 - 101*c + 1893. What is m(24)?
6957
Let s(i) = 17*i**2 + 8306*i + 8306. Calculate s(-1).
17
Let f(w) = 1577819*w - 12622525. Give f(8).
27
Let f(r) = -73991*r - 295390. Determine f(-4).
574
Let a(u) = -2*u**3 + 170*u**2 + 5*u - 1101. Give a(85).
-676
Let g(a) = -2*a**3 + 40*a**2 + 8*a - 1492. Determine g(18).
-52
Let h(m) = 2*m**2 + 371*m - 568. Give h(-187).
-7
Let f(v) = 3619*v + 1451182. De